t is the highest common divisor of 765 and 44829?
153
Calculate the highest common divisor of 94420 and 50.
10
Calculate the highest common divisor of 1242 and 75831.
69
Calculate the greatest common divisor of 1528067 and 214.
107
What is the highest common factor of 305 and 1162843?
61
Calculate the greatest common divisor of 9389 and 82.
41
What is the highest common factor of 14367058 and 719?
719
What is the greatest common divisor of 3060 and 86615?
85
Calculate the greatest common divisor of 30418 and 2680.
134
What is the greatest common divisor of 306 and 640989?
9
Calculate the greatest common divisor of 57095 and 551.
19
What is the highest common divisor of 2 and 8482?
2
What is the highest common divisor of 3 and 16239?
3
What is the greatest common divisor of 24926 and 9680?
242
Calculate the highest common factor of 69 and 824849.
23
What is the greatest common factor of 95394 and 182?
26
Calculate the highest common divisor of 7758 and 81.
9
What is the greatest common divisor of 6193 and 133994?
563
Calculate the highest common factor of 3220063 and 77.
77
What is the greatest common divisor of 215 and 80969?
43
Calculate the greatest common divisor of 24 and 5272.
8
Calculate the greatest common divisor of 27925 and 15.
5
Calculate the highest common factor of 33 and 17699.
11
What is the greatest common divisor of 61544 and 264?
8
Calculate the highest common divisor of 71 and 48493.
71
What is the greatest common divisor of 318507 and 1218?
609
Calculate the greatest common divisor of 230 and 8590.
10
Calculate the highest common divisor of 27811 and 2030.
203
What is the highest common divisor of 39 and 258531?
39
What is the highest common factor of 356430 and 6?
6
Calculate the highest common divisor of 228842 and 341.
31
What is the greatest common divisor of 57 and 36879?
57
What is the highest common factor of 89 and 51353?
89
What is the greatest common factor of 133285 and 19?
19
Calculate the greatest common divisor of 285090 and 20468.
1462
What is the highest common factor of 9574 and 2?
2
What is the highest common factor of 11 and 1966272?
11
What is the greatest common factor of 2400 and 706400?
800
What is the highest common divisor of 28 and 1953?
7
Calculate the highest common divisor of 2288 and 22958.
26
What is the greatest common factor of 5628 and 588?
84
What is the greatest common factor of 40 and 26170?
10
What is the greatest common factor of 216 and 20154?
6
Calculate the greatest common factor of 4030 and 31980.
130
Calculate the greatest common factor of 1002 and 904.
2
Calculate the greatest common factor of 189 and 344547.
189
Calculate the highest common factor of 2868 and 420.
12
Calculate the highest common divisor of 3599 and 228689.
61
What is the greatest common factor of 14 and 13898?
2
Calculate the highest common factor of 54239 and 657.
73
What is the highest common factor of 6648600 and 75?
75
Calculate the highest common factor of 648 and 12441816.
216
Calculate the greatest common factor of 212895 and 249.
249
What is the highest common factor of 18 and 8922?
6
What is the highest common divisor of 192 and 72192?
192
Calculate the greatest common divisor of 9188 and 12.
4
What is the highest common factor of 116996 and 2596?
44
What is the greatest common divisor of 14 and 125062?
14
Calculate the greatest common divisor of 22 and 4314.
2
What is the highest common divisor of 11210 and 246030?
590
What is the greatest common divisor of 492 and 269124?
492
What is the greatest common factor of 12038526 and 106?
106
Calculate the highest common divisor of 2170753 and 1924.
481
What is the highest common factor of 6408 and 340336?
712
What is the highest common divisor of 1320 and 22913?
11
Calculate the highest common divisor of 1000 and 16875.
125
What is the highest common factor of 42 and 176120?
14
What is the highest common divisor of 238 and 80374?
14
What is the greatest common divisor of 2260 and 255832?
452
What is the highest common divisor of 294138 and 108?
54
What is the highest common divisor of 1075 and 55169?
43
What is the greatest common factor of 2576 and 574?
14
Calculate the greatest common factor of 3512 and 11744.
8
What is the highest common factor of 450 and 44160?
30
What is the greatest common divisor of 6622 and 28952?
154
What is the greatest common factor of 30811 and 88?
11
What is the greatest common divisor of 56012 and 418?
418
What is the greatest common factor of 195 and 1029405?
195
What is the highest common divisor of 558 and 1592718?
186
Calculate the greatest common divisor of 208199 and 993.
331
Calculate the greatest common factor of 13083 and 56.
7
What is the greatest common divisor of 3330147 and 1002?
501
What is the greatest common divisor of 372563 and 4873?
443
What is the greatest common divisor of 151301 and 284?
71
Calculate the highest common factor of 9405 and 27379.
209
What is the greatest common factor of 481 and 3159?
13
Calculate the greatest common factor of 32571 and 756.
63
What is the highest common factor of 263 and 273257?
263
What is the highest common divisor of 1913384 and 13464?
1496
What is the greatest common divisor of 665 and 49?
7
What is the greatest common factor of 385 and 62895?
35
What is the highest common factor of 9 and 76347?
9
What is the greatest common divisor of 108 and 2004?
12
Calculate the highest common divisor of 444730 and 18590.
1430
Calculate the greatest common divisor of 379 and 847823.
379
What is the greatest common divisor of 38425 and 106?
53
Calculate the highest common factor of 68274 and 1602.
18
Calculate the greatest common divisor of 318 and 19494.
6
What is the highest common divisor of 4 and 416656?
4
What is the highest common divisor of 328 and 132?
4
Calculate the highest common factor of 25254 and 3416.
122
Calculate the greatest common factor of 25 and 17207.
1
What is the greatest common factor of 1333846 and 674?
674
Calculate the greatest common factor of 6 and 72682.
2
Calculate the greatest common factor of 18954 and 2964.
78
What is the greatest common divisor of 121693 and 299?
299
Calculate the greatest common factor of 2975284 and 52.
52
Calculate the greatest common factor of 256 and 6944.
32
Calculate the greatest common factor of 3515 and 436563.
703
Calculate the highest common factor of 960 and 63552.
192
What is the greatest common factor of 481 and 1084655?
481
What is the highest common divisor of 2 and 1994?
2
Calculate the greatest common factor of 106435 and 5.
5
What is the greatest common factor of 183826 and 31886?
214
What is the highest common divisor of 51237 and 54?
9
What is the greatest common divisor of 17264 and 64408?
664
Calculate the greatest common factor of 307510 and 210.
70
What is the greatest common factor of 26 and 103805?
13
What is the highest common divisor of 31 and 636151?
31
Calculate the greatest common divisor of 901 and 20791.
17
What is the greatest common factor of 54 and 2694?
6
Calculate the greatest common factor of 2705 and 448489.
541
What is the greatest common factor of 366 and 618?
6
What is the greatest common factor of 823716 and 696?
348
Calculate the highest common divisor of 136116 and 126.
18
What is the greatest common divisor of 2360 and 8888?
8
What is the greatest common divisor of 170 and 1842?
2
What is the greatest common divisor of 22662 and 324?
18
What is the highest common factor of 54691 and 182?
91
What is the greatest common factor of 176 and 904288?
176
Calculate the highest common factor of 64 and 5711360.
64
Calculate the greatest common divisor of 424658 and 182.
26
Calculate the greatest common divisor of 103653 and 2343.
33
Calculate the greatest common factor of 10633 and 833.
49
What is the greatest common factor of 730543 and 44?
11
What is the highest common factor of 645 and 53793?
129
Calculate the highest common factor of 5808 and 42933.
33
What is the highest common factor of 234 and 42?
6
What is the highest common divisor of 28 and 41881?
7
What is the greatest common divisor of 27 and 1319967?
9
What is the greatest common factor of 66 and 32703?
33
Calculate the greatest common divisor of 32287 and 415.
83
Calculate the greatest common divisor of 2091 and 6437.
41
What